e tens digit of x?
3
Suppose -3*l + l + 2*h - 352 = 0, -4*h = -5*l - 883. Let j = 76 - l. Suppose -3*d = -0*d - j. What is the tens digit of d?
8
Let h(y) = 45*y**2 - 28*y + 565. What is the tens digit of h(14)?
9
Suppose 0 = -14*d + 19*d + 70. What is the tens digit of (-4)/d + (10 - 42270/(-35))?
1
Suppose -111*u + 840042 = 2*u. What is the hundreds digit of u?
4
Suppose -c - 7 = -3*h, 3*h = -2*h + 20. Suppose 5*i + 15 = -2*l, -c*i + 0*i = 25. Suppose 11*y - 360 = l*y. What is the units digit of y?
0
Let z = 26028 + 29399. What is the thousands digit of z?
5
Suppose 249 = -3*z + 258. Suppose -5*t + 9*t + 4*d - 2756 = 0, 3*t - z*d - 2067 = 0. What is the hundreds digit of t?
6
Let h(f) = f**3 + 7*f**2 - 8*f + 2. Let z be h(-8). Suppose 14 = 4*a + z. Suppose 0 = a*u - 12, l - 2*u - 32 = -0*u. What is the tens digit of l?
4
What is the tens digit of (-255)/((-2 + 7)/(-35))?
8
Suppose -79 - 89 = 6*f. What is the units digit of (32/28)/4 + (-6012)/f?
5
Let v(z) = -20024*z - 118. What is the thousands digit of v(-4)?
9
What is the hundreds digit of -1 - -3461 - (-14 - -20)?
4
Suppose 84*t - 814212 = 174*t - 111*t. What is the thousands digit of t?
8
Let g = 42173 + -18544. What is the units digit of g?
9
Suppose 3*t + 106 = 2*j + 5*t, -4*j = -t - 192. Let q = -56 + j. What is the units digit of -2*(3171/6)/q?
1
Let b = 6969 - 2407. What is the tens digit of b?
6
Suppose -4*t - 635 = -3*t - 5*w, 4*t - w = -2578. Let m = t - -1136. What is the units digit of m?
1
Suppose -119*p + 567227 + 1387994 - 605880 = 0. What is the thousands digit of p?
1
Let k(p) = -p**2 + 9*p - 9. Let s be k(10). Let c = s - -22. Suppose 0 = -c*x - x + 428. What is the hundreds digit of x?
1
What is the units digit of (1156 + (-24)/12 + -5)*(-6)/(-2)?
7
Suppose -r + 18317 = 3*o, 5250 = 3*o + 4*r - 13073. What is the thousands digit of o?
6
Let c be 4/(-50) - 23/25. What is the units digit of (-19670)/105*(c/2 + -1)?
1
Let h(x) = x**3 + x**2 - 1. Let p(n) = 3*n**3 + 14*n**2 + 11*n - 4. Let m(g) = -2*h(g) + p(g). What is the units digit of m(-10)?
8
Let g(i) be the second derivative of -5*i**3/3 - 82*i**2 - i + 14. What is the units digit of g(-29)?
6
Suppose 0 = -5*n + 165 + 70. Let a = -44 + n. Suppose w - 237 = -4*w - a*h, 0 = -h - 1. What is the units digit of w?
8
Suppose -137*f + 590 = -147*f. Let c = 230 + -88. Let d = c + f. What is the units digit of d?
3
Suppose 0 = 3*y - 12, 2*l - 3*l - 3*y - 57 = 0. Let r = 20 + l. Let o = 53 - r. What is the tens digit of o?
0
What is the units digit of ((-49)/21)/(140/(-2144280))?
8
Suppose 73 = 2*y + 75. What is the units digit of 717 - (-1 + (y - 5) - -2)?
2
Let h = -249 - -265. Suppose 0 = -15*n + h*n - 935. What is the hundreds digit of n?
9
Suppose y = 5*g - 21, 4*g = -y - 3*y - 12. Let n(a) = 22*a**2 + 2*a + 7. What is the tens digit of n(y)?
8
Suppose 0 = 4*x - 5*v - 499 - 4012, 2*x - 2*v - 2256 = 0. What is the thousands digit of x?
1
Let i(j) = 102*j + 53. Let z be i(-4). Let l = 817 + z. What is the tens digit of l?
6
Let d be (-10)/(-3) + 4/(-12). Suppose -v + g + 3 = 0, 5*v - g = 3*g + 15. Suppose 3*j - 2*l - l = 837, -v*j = d*l - 855. What is the units digit of j?
2
Let j(p) = -18*p + 29. Let w(x) = 14*x - 30. Let g(l) = -4*j(l) - 3*w(l). What is the tens digit of g(3)?
6
Suppose -2*w = -2*q + 2*w + 450, w = -3*q + 647. Suppose -2*j + 1725 = 2*s - q, 2*s - 1951 = -5*j. What is the tens digit of s?
6
Let b = -11317 + 16672. Suppose 0*i = 3*i - b. What is the tens digit of i?
8
Let p be (-3 - -2)*-449*1. Suppose 2 = 6*c - 28. Suppose -3*u - 5*f + 272 = 0, 5*u + 9*f - p = c*f. What is the units digit of u?
9
Let m(w) = w**3 - 1. Let l(a) = 4*a**3 - 6*a**2 - 8*a - 4. Let n(h) = l(h) - 5*m(h). Suppose -8*d = 7*d + 90. What is the units digit of n(d)?
9
Let v(r) = 161*r**3 + 4*r**2 - 9. Let o(y) = -81*y**3 - 2*y**2 + 5. Let w(n) = 5*o(n) + 3*v(n). Suppose -s + 1 = -0. What is the tens digit of w(s)?
7
Suppose -2*y + 278764 = 63*y - 1004986. What is the units digit of y?
0
Let h = 168 - 160. Let y(u) = 11*u**2 - 18*u + 14. What is the units digit of y(h)?
4
Let w(g) = g + 15. Let p be w(-13). Suppose -d + 1 = 0, 2*v - d - p = 3*d. Suppose 0 = a + 3*n - 7, 0*a - 3*n = -v*a + 69. What is the tens digit of a?
1
Let v = 13007 - 8745. What is the thousands digit of v?
4
Let k = 17647 - 12423. Suppose 5*j + 2 = -18, k = 5*f - j. What is the hundreds digit of f?
0
Let o(s) = s**3 + 53*s**2 - 27*s - 23. Suppose 21*r = 18*r - 159. What is the hundreds digit of o(r)?
4
Let t be (-135)/6*20/(-25). Let a(f) = -10*f**3 - f**2. Let r be a(1). Let l = r + t. What is the units digit of l?
7
Suppose -4*l + 7492 = 5*s, -4*l + 1464 = -2*s - 6056. What is the tens digit of l?
7
Suppose -5*t + 397 + 122 = -d, -t + d + 103 = 0. Let n = t - 100. Suppose 4*p - 776 = -4*l, n*l + 0*p = -2*p + 778. What is the hundreds digit of l?
1
Let l(q) = 9773*q - 3096. What is the ten thousands digit of l(8)?
7
Let b(o) = -11*o + 14. Let r(v) = v. Let i = -36 - -37. Let u(z) = i*b(z) + 6*r(z). What is the units digit of u(-6)?
4
Let q(n) = -3*n**3 - 14*n**2 - 10*n - 33. What is the units digit of q(-10)?
7
Suppose 9*j - 13*j = -12. Suppose 0 = j*n - 33 - 174. Suppose -4*q + n + 167 = 0. What is the units digit of q?
9
Let h = 0 - -2. Let o(s) = 8*s**3 - 30*s + 1 - 2*s**2 + 8*s + 21*s. What is the units digit of o(h)?
5
Let p = 4160 + 10700. What is the thousands digit of p?
4
Let c = -5991 + 16030. What is the units digit of c?
9
Let p(q) = -21*q - 3. Let t(a) = a**3 - 9*a**2 + 3*a + 5. Let u be t(8). Let c = u - -32. What is the units digit of p(c)?
0
Suppose 2*a = -4*s - 18 + 70, -4*a = -2*s + 6. Suppose 0 = s*x + 13*x - 7416. What is the hundreds digit of x?
3
Suppose 7*l + 32368 - 84791 = 0. What is the thousands digit of l?
7
Let q(z) = -16*z + 129. Let f be q(-29). Suppose d = -2*n + 398, -5*d = 3*n - 4 - f. What is the units digit of n?
9
Let v(n) = -1539*n - 620. What is the thousands digit of v(-10)?
4
Suppose 3*y - 5*y - 812 = l, 5*y - 5*l = -2030. Let t = -141 - y. What is the units digit of t?
5
Let g = 73 + -126. Let u = 77 + g. Suppose w = -2*y + 51, -4*y + 5*w + u = -57. What is the units digit of y?
4
Let o(a) = 15*a**2 + 10*a - 34. Let u = 12 + -9. What is the units digit of o(u)?
1
Let r be (-38)/4*(6 - (-216)/(-12)). Suppose -r - 5 = -7*u. What is the tens digit of u?
1
What is the units digit of 1673 + (10 - -3 - 11)?
5
Suppose -h = -0*h - 70. Suppose 34 = -32*m + 162. Suppose i = m*o + h, -5*i + 5*o = 166 - 501. What is the units digit of i?
6
Suppose 0 = 26*x + 25114 - 181686. What is the hundreds digit of x?
0
Suppose o + 36181 + 5889 = 4*b, -2*b - 5*o = -21046. What is the thousands digit of b?
0
Let z(y) = 1094*y - 140. What is the thousands digit of z(6)?
6
Suppose -4*j + 250 = -d, 5*j - d - 306 = -3*d. Let o = -60 + j. What is the hundreds digit of 2956/20 - o/(-10)?
1
Let o = -28 - -28. Suppose 4*i + 4*s - 20 = o, 0 = 2*s + 1 + 1. Let h = 164 - i. What is the tens digit of h?
5
Suppose -a - j = 14, -j + 3 - 6 = 0. Let l = 13 + a. What is the tens digit of 1 + 12 - l*1?
1
Let k = 94 - 114. What is the tens digit of (-105)/14*k/6?
2
Suppose 3*s + 3*u = 528, 13*s - 156 = 12*s - 5*u. Let r = -12 + s. What is the tens digit of r?
6
Let r(i) be the second derivative of 10*i**3/3 + 269*i**2/2 - 6*i. Let a(b) = -7*b - 90. Let t(u) = 17*a(u) + 6*r(u). What is the tens digit of t(0)?
8
Let p = 6515 + 11505. What is the ten thousands digit of p?
1
Let s(v) = -v**3 + 10*v**2 + 7*v + 20. Let i be s(8). Let b = 494 - i. What is the units digit of b?
0
Let u = -7 - -24. Suppose -q + b = -u, 0 - 56 = -3*q + 4*b. What is the tens digit of q?
1
Let k(y) = -8 - y**2 + 0*y**2 + 14 - 5 + 280*y**3. What is the hundreds digit of k(1)?
2
Suppose 16*n + 1365 - 245 = 0. Let m = n + 127. What is the units digit of m?
7
Let u = 9639 + -5809. What is the thousands digit of u?
3
Suppose -189*g + 190*g - 20 = 0. Suppose 0 = -4*x - 16, 3*x = 3*m + x - g. Suppose -5*j - m*l + 384 = 0, j + 0*j = -3*l + 68. What is the units digit of j?
0
Let n = 714 + -507. Let q(p) = -p - 9. Let t be q(-9). Suppose z + 2*z + 3*d - n = t, 3*d - 65 = -z. What is the tens digit of z?
7
Suppose 0 = 2*k + 2*n, -k - 3*k - 3*n + 2 = 0. Suppose 0 = -k*d - 5*o - 3, -6*d + 39 = -2*d + o